85300?
2, 5, 73, 5861
List the prime factors of 38510931.
3, 41, 73, 4289
List the prime factors of 83495582.
2, 29, 1439579
List the prime factors of 413086858.
2, 167, 1236787
What are the prime factors of 1583963148?
2, 3, 109, 587, 2063
List the prime factors of 442788121.
442788121
What are the prime factors of 156196408?
2, 17, 67559
What are the prime factors of 176921650?
2, 5, 31, 114143
What are the prime factors of 3146577602?
2, 7, 911, 246713
What are the prime factors of 771245776?
2, 7, 31, 191, 1163
What are the prime factors of 31934306?
2, 257, 62129
What are the prime factors of 2377501214?
2, 11, 23, 127, 36997
What are the prime factors of 12503118?
2, 3, 29, 181, 397
What are the prime factors of 383191756?
2, 431, 222269
What are the prime factors of 126010255?
5, 7, 113, 151, 211
List the prime factors of 75035103.
3, 11, 13, 174907
What are the prime factors of 817533349?
17, 19, 149, 16987
What are the prime factors of 5422123117?
137, 163, 242807
List the prime factors of 306509516.
2, 2843, 26953
What are the prime factors of 292804048?
2, 18300253
List the prime factors of 25457922.
2, 3, 7, 67349
List the prime factors of 1078442798.
2, 539221399
List the prime factors of 1459662237.
3, 11, 14744063
List the prime factors of 30156220.
2, 5, 23, 65557
List the prime factors of 137788806.
2, 3, 22964801
List the prime factors of 32837732.
2, 8209433
What are the prime factors of 535410179?
211, 241, 10529
What are the prime factors of 432505690?
2, 5, 211, 204979
What are the prime factors of 33500015?
5, 617, 10859
What are the prime factors of 159712948?
2, 39928237
What are the prime factors of 3383271767?
3383271767
List the prime factors of 2625472758.
2, 3, 17, 43, 13921
What are the prime factors of 61173479?
67, 913037
What are the prime factors of 33004365?
3, 5, 2200291
What are the prime factors of 95205889?
239, 467, 853
List the prime factors of 1943395792.
2, 13, 29, 199, 1619
What are the prime factors of 93684271?
59, 1587869
List the prime factors of 1883477650.
2, 5, 59, 638467
List the prime factors of 154521300.
2, 3, 5, 19, 27109
List the prime factors of 467637393.
3, 5077, 30703
What are the prime factors of 32156557?
32156557
What are the prime factors of 375687977?
7, 31, 1019, 1699
List the prime factors of 232654063.
83, 2803061
List the prime factors of 113506186.
2, 181, 313553
List the prime factors of 295385847.
3, 1373, 71713
List the prime factors of 3205371735.
3, 5, 71230483
List the prime factors of 79524677.
1543, 51539
List the prime factors of 1587414628.
2, 396853657
List the prime factors of 24606603.
3, 7, 390581
List the prime factors of 99840871.
13, 7680067
What are the prime factors of 55186755?
3, 5, 13, 283009
List the prime factors of 4067433796.
2, 1016858449
What are the prime factors of 1313079847?
17, 77239991
What are the prime factors of 1776948524?
2, 13, 71, 481297
List the prime factors of 28884347.
43, 671729
What are the prime factors of 72831019?
71, 1025789
List the prime factors of 31228248.
2, 3, 19, 68483
What are the prime factors of 237311933?
2503, 94811
List the prime factors of 290713516.
2, 29, 89, 971
List the prime factors of 297367033.
73, 4073521
List the prime factors of 1106567875.
5, 7, 1264649
List the prime factors of 366848641.
7103, 51647
What are the prime factors of 50208214?
2, 7, 3586301
What are the prime factors of 1805321426?
2, 17, 53097689
List the prime factors of 344205277.
13, 997, 26557
What are the prime factors of 4634066025?
3, 5, 293, 23431
What are the prime factors of 1747327?
1747327
List the prime factors of 35022398.
2, 17511199
List the prime factors of 16203230.
2, 5, 139, 11657
List the prime factors of 17667963.
3, 59, 3697
What are the prime factors of 176540213?
59, 2992207
What are the prime factors of 241837300?
2, 5, 2418373
What are the prime factors of 7554753918?
2, 3, 419708551
List the prime factors of 2804436882.
2, 3, 13, 541, 22153
List the prime factors of 231023940.
2, 3, 5, 7, 59, 9323
List the prime factors of 189909176.
2, 17, 53, 26347
What are the prime factors of 3137807341?
7757, 404513
List the prime factors of 2251700757.
3, 250188973
List the prime factors of 1846975.
5, 13, 5683
What are the prime factors of 6014543098?
2, 3007271549
List the prime factors of 4607918926.
2, 13, 31, 5717021
What are the prime factors of 133967848?
2, 7, 73, 32771
What are the prime factors of 560880293?
560880293
List the prime factors of 794611659.
3, 23, 11516111
List the prime factors of 249994339.
7, 293, 121889
List the prime factors of 407714182.
2, 131, 163, 9547
What are the prime factors of 1682781025?
5, 67311241
What are the prime factors of 40892286?
2, 3, 31, 219851
What are the prime factors of 613966436?
2, 523, 293483
What are the prime factors of 131879470?
2, 5, 23, 37, 15497
What are the prime factors of 2482098179?
11, 1657, 136177
What are the prime factors of 61524564?
2, 3, 17, 301591
List the prime factors of 206046786.
2, 3, 11, 25801
What are the prime factors of 721681824?
2, 3, 17, 442207
What are the prime factors of 14236369?
7, 347, 5861
List the prime factors of 824649980.
2, 5, 7, 11, 535487
List the prime factors of 1053880206.
2, 3, 43, 4084807
List the prime factors of 149293190.
2, 5, 14929319
What are the prime factors of 191952925?
5, 2753, 2789
List the prime factors of 67060664.
2, 11, 762053
List the prime factors of 258889750.
2, 5, 7, 147937
What are the prime factors of 1430939948?
2, 139, 2573633
List the prime factors of 787605511.
7, 11, 10228643
List the prime factors of 77658608.
2, 827, 5869
What are the prime factors of 36736075?
5, 911, 1613
List the prime factors of 254669205.
3, 5, 7, 61, 39761
What are the prime factors of 49556347?
5743, 8629
What are the prime factors of 36178546?
2, 19, 167, 5701
List the prime factors of 168930505.
5, 1777, 19013
List the prime factors of 420234727.
11, 83, 433, 1063
List the prime factors of 477763922.
2, 29, 8237309
List the prime factors of 1848860163.
3, 61, 3367687
List the prime factors of 300885384.
2, 3, 12536891
What are the prime factors of 176152079?
17, 37, 61, 4591
What are the prime factors of 30077809?
30077809
What are the prime factors of 4349366791?
7, 11, 73, 433, 1787
What are the prime factors of 98949987?
3, 10994443
What are the prime factors of 73675840?
2, 5, 7, 31, 1061
List the prime factors of 341151.
3, 113717
List the prime factors of 2956250624.
2, 389, 14843
What are the prime factors of 64328673?
3, 79, 271429
List the prime factors of 956170626.
2, 3, 197, 761, 1063
What are the prime factors of 61844092?
2, 1459, 10597
What are the prime factors of 10495245?
3, 5, 23, 29, 1049
List the prime factors of 90354963.
3, 1559, 19319
What are the prime factors of 407297346?
2, 3, 67882891
List the prime factors of 187029295.
5, 83, 271, 1663
What are the prime factors of 1494975464?
2, 6359, 29387
What are the prime factors of 3592768005?
3, 5, 79839289
List the prime factors of 29810152.
2, 1801, 2069
List the prime factors of 1655095032.
2, 3, 83, 30773
List the prime factors of 25241935.
5, 5048387
List the prime factors of 4050238069.
43, 2267, 41549
What are the prime factors of 12030879?
3, 7, 71, 8069
List the prime factors of 2141345998.
2, 11, 97333909
What are the prime factors of 238229997?
3, 79409999
What are the prime factors of 271806082?
2, 103, 137, 9631
What are the prime factors of 43001283?
3, 13, 23, 47939
List the prime factors of 134659856.
2, 17, 53, 9341
List the prime factors of 46656007.
17, 47, 58393
What are the prime factors of 10729239?
3, 3576413
What are the prime factors of 657319664?
2, 41082479
What are the prime factors of 353688826?
2, 1051, 168263
List the prime factors of 2934578922.
2, 3, 11, 44463317
List the prime factors of 36200696.
2, 7, 53, 12197
What are the prime factors of 44478560?
2, 5, 7, 151, 263
What are the prime factors of 53938565?
5, 23, 469031
List the prime factors of 381853818.
2, 3, 7071367
What are the prime factors of 46809435?
3, 5, 3120629
What are the prime factors of 550227925?
5, 13, 37, 45757
List the prime factors of 116201004.
2, 3, 1811, 5347
What are the prime factors of 19687831?
41, 631, 761
List the p